the prime factors of 27885253?
11, 17, 149119
List the prime factors of 938815556.
2, 7, 719, 46633
List the prime factors of 44538896.
2, 29, 95989
List the prime factors of 5875290.
2, 3, 5, 97, 673
List the prime factors of 34779789.
3, 11, 351311
What are the prime factors of 36522768?
2, 3, 760891
What are the prime factors of 1358371864?
2, 19, 8936657
What are the prime factors of 1402184294?
2, 7, 14308003
List the prime factors of 22564737.
3, 13, 2381
List the prime factors of 534138907.
29, 18418583
What are the prime factors of 355472760?
2, 3, 5, 2962273
List the prime factors of 147410356.
2, 137, 268997
List the prime factors of 362071175.
5, 23, 629689
What are the prime factors of 4350359?
13, 334643
What are the prime factors of 32344543?
7, 11, 101, 4159
What are the prime factors of 173499263?
7, 17, 53, 27509
What are the prime factors of 920441381?
101, 563, 16187
What are the prime factors of 2006857563?
3, 12043, 55547
List the prime factors of 413468143.
11, 1307, 28759
List the prime factors of 2245760510.
2, 5, 7, 37, 131, 6619
List the prime factors of 2400343300.
2, 5, 24003433
List the prime factors of 75272769.
3, 11, 13, 409
What are the prime factors of 44485635?
3, 5, 131, 22639
List the prime factors of 170401494.
2, 3, 41, 692689
List the prime factors of 37330948.
2, 71, 131447
What are the prime factors of 1385859675?
3, 5, 1063, 17383
What are the prime factors of 481812701?
481812701
List the prime factors of 49959264.
2, 3, 520409
List the prime factors of 45062420.
2, 5, 13, 263, 659
What are the prime factors of 39231156?
2, 3, 541, 6043
What are the prime factors of 4499295269?
7, 41, 15676987
List the prime factors of 453192624.
2, 3, 1049057
What are the prime factors of 1773834831?
3, 197092759
List the prime factors of 251523395.
5, 50304679
What are the prime factors of 1333591687?
1333591687
List the prime factors of 55894284.
2, 3, 1552619
What are the prime factors of 477174542?
2, 13, 1411759
List the prime factors of 197562803.
131, 1508113
What are the prime factors of 1918280872?
2, 3583, 66923
List the prime factors of 174511430.
2, 5, 311, 56113
What are the prime factors of 39634918?
2, 37, 535607
List the prime factors of 4945129251.
3, 25741, 64037
List the prime factors of 4675448327.
11, 5531, 76847
What are the prime factors of 1781894003?
15277, 116639
What are the prime factors of 76084464?
2, 3, 1585093
What are the prime factors of 135388186?
2, 19, 3562847
What are the prime factors of 11840620?
2, 5, 11, 107, 503
List the prime factors of 42503439.
3, 11, 1287983
What are the prime factors of 521873834?
2, 260936917
List the prime factors of 4624027792.
2, 71, 4070447
What are the prime factors of 53075489?
199, 266711
List the prime factors of 75359343.
3, 37, 59, 311
What are the prime factors of 3339529581?
3, 41, 409, 66383
What are the prime factors of 367078641?
3, 127, 963461
List the prime factors of 1232009774.
2, 616004887
List the prime factors of 391345362.
2, 3, 21741409
List the prime factors of 2018995925.
5, 3041, 26557
List the prime factors of 1246484516.
2, 43, 89, 107, 761
List the prime factors of 29470365.
3, 5, 419, 521
What are the prime factors of 43121580?
2, 3, 5, 127, 5659
List the prime factors of 289844409.
3, 6011, 16073
List the prime factors of 62650399.
7, 53, 168869
What are the prime factors of 3741951591?
3, 7, 8485151
What are the prime factors of 175930586?
2, 13, 17, 398033
List the prime factors of 12424239.
3, 460157
List the prime factors of 1467219099.
3, 563, 868691
List the prime factors of 158590118.
2, 61, 1299919
List the prime factors of 40606232.
2, 5075779
List the prime factors of 20693606.
2, 23, 349, 1289
What are the prime factors of 175580783?
7, 1567, 16007
What are the prime factors of 1716379408?
2, 757, 141709
What are the prime factors of 343353863?
59, 5819557
List the prime factors of 1766535643.
269, 6567047
List the prime factors of 54722448.
2, 3, 11, 179, 193
What are the prime factors of 734366781?
3, 31, 53, 49663
List the prime factors of 204279700.
2, 5, 2042797
What are the prime factors of 2080911156?
2, 3, 173409263
What are the prime factors of 359637719?
7, 19, 2704043
What are the prime factors of 5285670?
2, 3, 5, 13, 13553
List the prime factors of 4180348.
2, 461, 2267
What are the prime factors of 162301635?
3, 5, 17, 53, 4003
What are the prime factors of 650212217?
227, 2864371
What are the prime factors of 1872198366?
2, 3, 811, 384751
List the prime factors of 155168146.
2, 7, 17, 38351
List the prime factors of 522466505.
5, 11, 23, 37547
List the prime factors of 753678253.
1151, 654803
What are the prime factors of 506879374?
2, 193, 263, 4993
List the prime factors of 70768203.
3, 11, 2144491
List the prime factors of 228122073.
3, 23, 41, 26879
List the prime factors of 37770760.
2, 5, 29, 32561
List the prime factors of 63498532.
2, 19, 257, 3251
List the prime factors of 207595960.
2, 5, 11, 13, 36293
List the prime factors of 1574884027.
19, 1307, 63419
List the prime factors of 5722734795.
3, 5, 59, 6466367
What are the prime factors of 760858342?
2, 380429171
What are the prime factors of 1426129399?
167, 673, 12689
List the prime factors of 557962729.
17, 4007, 8191
What are the prime factors of 117928268?
2, 23, 29, 44201
What are the prime factors of 23009238?
2, 3, 7, 29, 2099
What are the prime factors of 328796025?
3, 5, 79, 211, 263
What are the prime factors of 410172331?
19433, 21107
What are the prime factors of 88620204?
2, 3, 7385017
What are the prime factors of 450800174?
2, 11, 20490917
List the prime factors of 56396989.
11, 23, 222913
What are the prime factors of 24653603?
13, 1896431
List the prime factors of 1277380719.
3, 29, 53, 30781
List the prime factors of 28332615.
3, 5, 1888841
List the prime factors of 315932402.
2, 47, 3360983
List the prime factors of 93155858.
2, 46577929
List the prime factors of 418682957.
7, 11, 967, 5623
List the prime factors of 2677748332.
2, 7, 73, 1310053
What are the prime factors of 8409793174?
2, 31687, 132701
List the prime factors of 2060555052.
2, 3, 199, 862879
List the prime factors of 63304280.
2, 5, 13, 23, 67, 79
What are the prime factors of 454473069?
3, 41, 277, 13339
What are the prime factors of 390032852?
2, 11, 805853
What are the prime factors of 177243698?
2, 88621849
What are the prime factors of 70729189?
53, 73, 101, 181
What are the prime factors of 1078660958?
2, 539330479
List the prime factors of 2607302296.
2, 1783, 182789
List the prime factors of 1126863597.
3, 59, 6366461
What are the prime factors of 61294199?
4703, 13033
What are the prime factors of 1238613600?
2, 3, 5, 7, 73727
What are the prime factors of 537189370?
2, 5, 911, 58967
What are the prime factors of 1035443197?
71, 1787, 8161
List the prime factors of 3812055539.
29, 131450191
What are the prime factors of 94501726?
2, 11, 390503
List the prime factors of 89798801.
53, 701, 2417
List the prime factors of 149148864.
2, 3, 28771
List the prime factors of 307528767.
3, 7, 13, 463, 811
List the prime factors of 338515736.
2, 13, 3254959
List the prime factors of 198860623.
13, 67, 229, 997
List the prime factors of 730117271.
13, 59, 557, 1709
List the prime factors of 45854869.
45854869
What are the prime factors of 42418556?
2, 10604639
List the prime factors of 20320321.
7, 17, 170759
What are the prime factors of 164082994?
2, 82041497
List the prime factors of 798175918.
2, 6037, 66107
List the prime factors of 727540856.
2, 7, 19, 239, 2861
What are the prime factors of 6249978304?
2, 419, 233069
List the prime factors of 108448632.
2, 3, 29, 199
List the prime factors of 1415818604.
2, 353954651
What are the prime factors of 1012409842?
2, 31, 281, 58111
What are the prime factors of 1029448293?
3, 29, 97, 199, 613
List the prime factors of 163506200.
2, 5, 11, 13, 5717
What are the prime factors of 41003885?
5, 13, 293, 2153
What are the prime factors of 68076498?
2, 3, 7, 263, 6163
What are the prime factors of 41456778?
2, 3, 11, 17, 3359
List the prime factors of 130835276.
2, 11, 13, 228733
List the prime factors of 877050068.
2, 219262517
List the prime factors of 18583737.
3, 17, 109, 3343
What are the prime fa